is the highest common factor of x and 42?
14
Let k(p) = 40*p**3 + 123*p**2 - 21*p + 48. Let w be k(7). Calculate the greatest common factor of w and 16.
16
Let j = 29775 - 29481. What is the highest common divisor of j and 768?
6
Suppose -62*q + 347432 = 255*q. What is the greatest common divisor of 64 and q?
8
Let d(y) = 10*y**2 + 2*y + 5. Let t be d(5). Let o = -6221 + 6327. Calculate the highest common divisor of o and t.
53
Let x be ((-145)/(-15))/((-2)/(-6)). Suppose 5*c - 1266 = -t - 3*t, -4*t + 2*c = -1280. Calculate the highest common factor of t and x.
29
Let k = -2830 + 6295. Suppose k = -28*v + 37*v. Calculate the highest common factor of 35 and v.
35
Let m(k) = 85*k**2 - 10*k - 61. Let y be m(-6). What is the highest common factor of 133 and y?
133
Suppose -3167914 - 122258 = -130*w + 2468308. What is the greatest common factor of w and 226?
226
Let n(h) = h**2 - 8*h + 23. Let x be n(20). Suppose 2*a = 0, 23 = -3*t - 4*a + x. What is the highest common factor of 10 and t?
10
Suppose -337*r + 333*r - 2*i = -170, -5*r + 213 = 3*i. What is the greatest common factor of r and 66?
6
Suppose 138 = o - s, -146 = -45*o + 44*o + 5*s. Let q(g) = 9*g**2 - 2*g + 1. Let x be q(1). Calculate the greatest common divisor of o and x.
8
Suppose 5*r - 273 = s, -5*r - 5*s = -2*s - 281. Let c = -46 + r. Suppose 0 = 2*x - 61 - c. Calculate the greatest common divisor of x and 14.
7
Suppose -78*d + 1324 = -74*d. Suppose 509 + d = 3*y. Calculate the highest common factor of y and 70.
70
Let d = -247 - -238. Let n be (6/(-9))/(2/4)*d. Suppose -l + 4 = 1. Calculate the greatest common factor of l and n.
3
Suppose 4*o + 2*g = -2*g + 152, -2*o + 75 = g. Suppose -5*x + 73 = y - 2*y, o = 2*x - 3*y. Let f = 303 - 149. Calculate the highest common factor of f and x.
14
Let w(a) = 2*a**2 + 40*a + 47. Let z be w(-19). Let u be (z/(-6))/((-27)/18). Calculate the greatest common divisor of u and 11.
1
Let i = 19170 - 17280. What is the greatest common factor of 2295 and i?
135
Suppose -b - 57 = -515 - 245. What is the greatest common divisor of b and 76?
19
Let z be (66/18 - 3)*(-2808)/(-208). Let o(n) = n**2 - n - 1. Let v be o(0). Let t be 1 + -1 - (v + 0). What is the highest common divisor of t and z?
1
Let t(y) = -21*y - 256. Let c(i) = 11*i + 128. Let w(f) = -5*c(f) - 2*t(f). Let v be w(-11). What is the greatest common factor of v and 125?
5
Let d(b) = -17*b**3 + 244*b**2 + 19*b - 8. Let h be d(7). What is the highest common divisor of h and 150?
50
Suppose -2315 = -101*i + 109. What is the highest common divisor of 948 and i?
12
Suppose 3 + 7 = -2*w, 5 = -o + 2*w. Let r be o/(-10) - (-3)/2. Suppose 2*b = -4*s + 128, -244 = -r*b - b - 5*s. What is the highest common factor of b and 7?
7
Suppose -86*s + 6 = -83*s, 0 = -y + 3*s + 2659. What is the greatest common factor of y and 130?
65
Suppose -1807 = -61*c - 13*c - 65*c. What is the greatest common divisor of c and 1651?
13
Let c = -440 + 321. Let s = 340 + c. Calculate the highest common factor of s and 51.
17
Let s be (-6)/4*8/(-6). Let a be (3/(-3))/((s + 0)/(-50)). What is the greatest common factor of a and 225?
25
Let c be (983/(-2))/(28/(-56)). Suppose 9*j + 173 = c. Calculate the highest common factor of j and 36.
18
Suppose 9*b - 47 = -2*b + 85. What is the greatest common factor of 102 and b?
6
Let t be (116/14)/(96/5376). What is the greatest common divisor of t and 87?
29
Let k(j) = -2*j**2 - 33*j + 30. Let v be k(-17). Let z be -7 + 3 - (-1 + v)/(-3). Let p be 46 - 4 - (z - -2). What is the greatest common factor of p and 10?
10
Let j(m) = 4*m - 7. Let x be j(3). Let d be ((-2)/x)/(2/(-30)). Let t = 18 + d. Calculate the highest common factor of t and 8.
8
Let p = -136 + 136. Suppose -3*l - r + 10 = -6*r, p = 5*l + 4*r - 29. Suppose g - l*o = 10, -g - 3*o = g - 20. Calculate the greatest common factor of g and 30.
10
Let n(r) = -49*r + 482. Let p be n(5). Calculate the highest common factor of 3 and p.
3
Let q(m) = 156*m**3 + 13*m - 13. Let w be q(1). What is the greatest common factor of w and 1248?
156
Let x be 9/((-11)/285 + 3264/323 + -10). Calculate the highest common divisor of x and 460.
5
Let l = 33 - -83. Let p = 7651 - 7245. What is the greatest common divisor of l and p?
58
Let w = 30 + -28. Suppose -p + b = -72, w*b = -13*p + 10*p + 226. What is the highest common divisor of 37 and p?
37
Suppose 22294*o - 22259*o - 92960 = 0. Calculate the highest common divisor of o and 415.
83
Suppose -15 = -b - 0*b - 5*j, 5*b - 3*j - 19 = 0. Let f(q) = b - 6*q + 4*q + 3*q - 1. Let o be f(15). Calculate the highest common factor of o and 76.
19
Let y = -468 + 493. Let k be (-60)/y*-20*5. Calculate the greatest common divisor of 75 and k.
15
Let k = -48 - -320. Let a(d) = -2*d**2 - 8*d + 2. Let j be a(-4). Suppose 48 = j*f - 20. What is the greatest common divisor of f and k?
34
Suppose -192*b = -194*b + 6. Let t be (-2511)/62*(-14)/b. Calculate the highest common divisor of t and 27.
27
Let d be 8 - -15 - (-1 + 2). Let t = d - 21. Let z be 1 - (((-10)/1 - t) + -3). Calculate the greatest common divisor of z and 3.
3
Let g = 428 + -374. Let t be ((-315)/15)/(2/(-4)*1). Calculate the greatest common divisor of t and g.
6
Suppose -3*c + 94165 = 5*a, 21121 = 3*a - c - 35378. Calculate the highest common factor of 37 and a.
37
Let k = 293 + -285. Let g be (-1)/2*-30 - k/(-8). What is the highest common factor of 256 and g?
16
Let t be (-575106)/(-294) - (-3)/21*-1. What is the greatest common factor of 24 and t?
12
Let s = 6627 + -6211. What is the highest common factor of s and 312?
104
Suppose 519*h = 539*h - 260. What is the greatest common factor of h and 6?
1
Suppose -81*c - 847 = -6246 - 2377. Calculate the highest common divisor of c and 224.
32
Let u be 33631/597 - (-1)/(-3). Calculate the highest common factor of u and 472.
8
Suppose 20229 = 23*i - 13581. Calculate the highest common divisor of i and 1190.
70
Suppose 3*v + 3*t - 1314 = 0, 22*v - 5*t = 18*v + 1806. Calculate the greatest common divisor of v and 1887.
111
Suppose z + 3*m = -z - 24, 74 = -3*z + 5*m. Let k be ((-29)/(-3))/((-1 - 5)/z). Suppose -34*u + 70 = -k*u. Calculate the greatest common divisor of 7 and u.
7
Suppose -261 = 2*o - 5*o. Suppose -q = -4*d - 78 + 303, 4*q = 6*d - 320. Calculate the highest common factor of o and d.
29
Let h = 6738 - 6704. Calculate the highest common factor of 11101 and h.
17
Let v(b) = -13*b - 7*b - 15 - 10*b + 25*b - 3*b. Let l(u) = u**2 + 6*u - 5. Let o be l(-5). Let w be v(o). What is the highest common divisor of w and 26?
13
Let u(v) = -62*v**2 + v + 465. Let k be u(0). Calculate the greatest common factor of 60 and k.
15
Suppose -350*b = -223*b - 8128. Calculate the highest common divisor of 344 and b.
8
Suppose 3*d - 4*c + 547 - 48 = 0, -d = 2*c + 173. Let i = -148 - d. What is the greatest common divisor of 49 and i?
7
Let g(i) = 28*i - 14. Let o be g(-8). Let v = 490 + o. What is the highest common factor of v and 36?
36
Let v = -90 - -44. Let o = 93 + v. Let l = o + -33. What is the highest common factor of 14 and l?
14
Let u(s) = 3*s**2 + 3*s + 6. Let y be u(-4). Let h = 6028 - 5440. What is the highest common factor of h and y?
42
Let p = 4686 + -3464. What is the greatest common divisor of 188 and p?
94
Let g be 196 - 9 - ((2 - 3)*6 - -5). What is the highest common factor of 8930 and g?
94
Suppose -4*s + 140265 = -3*c + 31052, -27304 = -s + c. What is the greatest common divisor of 46 and s?
23
Let z = -1239 - -1262. Calculate the highest common divisor of z and 391.
23
Let p(s) = -39*s + 1275. Let t be p(-19). Calculate the greatest common divisor of t and 648.
72
Let w(u) = 7*u + 3. Let r be w(1). Suppose -8*x + 4*x = -f + 65, -2*x = r. Suppose -4*i + f = -i. Calculate the greatest common factor of i and 10.
5
Let v = 117 - -104. Suppose -35*k - 5*j - 47 = -37*k, j + 51 = 2*k. What is the greatest common factor of k and v?
13
Let a be 27/(-6)*16/(-6). Let f(i) = i**2 + i**2 + 26 + 3*i - 5*i - a*i. Let s be f(8). Calculate the highest common factor of s and 84.
42
Suppose -4*v + 4*w + 436 = -2*v, -899 = -4*v - w. Suppose 0 = -41*a + 43*a - 6. Suppose -5*t = -a*t - v. Calculate the greatest common divisor of 14 and t.
14
Let b = 47 + -22. Let a(k) = -k**3 - 10*k**2 - 10*k + 1. Let